).
-42
What is -35 + 61 + (4 - -19) + -15?
34
-80 - (-39 + -41) - (-15 - 10)
25
What is 4 + 2 + -6 + -2 + 60 + -59?
-1
What is 47 - (-38 - -53 - -3)?
29
Evaluate 9 - (-26 + (-26 - -16 - -7)).
38
What is the value of 2 + -184 - (-215 - (-60 + -105))?
-132
-48 - 1 - (243 - 253)
-39
2 - -67 - (-30 + 13 - -37)
49
What is (29 + -27 - (2 - 7)) + 24 + -60?
-29
What is the value of -28 + 13 + 1 + 9 - -7 - 51?
-49
Calculate (1 + -5 - -9 - -4) + 78 + (-13 - 30).
44
What is (37 - 1) + (1 + -8 - (29 + 37 + -67))?
30
What is (28 - 123 - (-2 + -18)) + 9?
-66
Evaluate (-3 - 1) + (-12 + 78 - 5) + (1 - -4).
62
What is the value of 0 - (6 - ((-20 - -12) + 17)) - 21?
-18
(-9 - (-14 - -2) - 11) + 5 + 9
6
(371 - 363) + -1 + 14
21
What is the value of (10 - -8) + -14 + (-2 - (-4 - -10)) - -1?
-3
Evaluate (16 - (-17 - -43)) + (9 - (-6 + -21)).
26
What is the value of 143 + 1 - (-2823 - -2971)?
-4
What is 14 + (-15 - (4 + -16)) - -11?
22
Calculate (-18 - (-33 + 7 + 23)) + -1 + -30.
-46
145 + -143 + 2 + (-93 - (-5 + 3 + -4))
-83
Calculate (-60 - -71 - (87 + 1)) + -23.
-100
What is the value of (1 - 0) + 6 + 33 + 18 + -24 + 17?
51
What is the value of 26 + -33 + 10 + -3 + 3 + (-1 - 29)?
-27
What is 13 - (59 + -59 + (-4 + 5 - -1))?
11
Evaluate (1 + -8 - (-1181 - -1182)) + (56 - -2).
50
Calculate 18 - -7 - (-12 - (-33 - -38)).
42
5 - (0 + -2 + 93 - (83 + (-121 - -46)))
-78
Calculate 19 - (36 - (36 - 32)).
-13
Evaluate 6 + (-21 + -1 - -37 - -32).
53
Evaluate (1 - (1 - 100)) + (-24780 - -24751).
71
-38 + (28 - -17) - 19
-12
What is 80 + -2 - (-1972 - -2061)?
-11
-18 + -55 + -1 + 0 + (-185 - -189)
-70
(-1 - -1) + 49 - (260 - 260)
49
0 + (1 - 0) + 0 + 10
11
What is 10 + (0 - 4) + 1 + -1936 + 1862?
-67
Evaluate 137 + (7 - ((43 - (7 - -15)) + -19)).
142
What is the value of -272 - (13 + -166) - -131?
12
Evaluate -4 + (-7 - -2 - -2 - -17) + -50.
-40
What is the value of -107 + 57 + 21 + 5 - 19?
-43
What is the value of -13 - ((82 - 38) + 41)?
-98
Evaluate (-1 - (-6 + -10 + 10)) + (1 - -15).
21
(-15 - 1 - (476 + -490)) + (-50 - (-3 + 1))
-50
Calculate -62 - (-12 + 1 + -21).
-30
Calculate (-136 - -185 - 27) + (-1 - 17).
4
What is (78 + -83 - (0 + (0 - -1))) + (0 - 9)?
-15
What is -1 + 9 - (76 + (11 + -1 + -4 - 8))?
-66
Evaluate 40 + -5 - -8 - 47.
-4
Evaluate -2 + (-8 - -8) + (-25 - (10 + -23)).
-14
What is -37 - (-8 + 10 + -4 + -2)?
-33
-32 + -33 + 60 - (-12 + 0)
7
-7 + 7 + (-2 - 1) + 2710 + -2692
15
What is 2 + -8 + (-54 - (-32 + -18)) - -47?
37
What is the value of (-44 + 14 + 61 - 68) + -47?
-84
What is -34036 + 33990 - ((1 - 1) + -26)?
-20
-1171 + 1230 - (89 - -2)
-32
What is (-36 - (5 + 15 + -46)) + -16 - 83?
-109
What is the value of 74 + (45 + (25 - 13) - 19)?
112
What is the value of 64 + 20 + 6 + -47?
43
(8 - (3 - (-6 - 14) - 0)) + 161 + -1
145
(-142 - -21) + 60 - 48
-109
Calculate -6349 - -6344 - (1 + (-2 - -2 - -18)).
-24
What is the value of -20 - ((19 - (-16 - -34)) + (-2 - -5))?
-24
Calculate -37 + -94 + 73 + -25.
-83
Calculate -49 - -116 - (40 - -9).
18
What is the value of 7 + (695 - 683) + (-2 - (1 + 37))?
-21
Calculate 7 + (105 - 48) - (6 - (25 - 4)).
79
Calculate 0 + -41 + (444 - 389).
14
Calculate -60 + (43 - (-28 - 35)).
46
What is -13 + 12 + -8 + (5 - (21 + -9) - 16)?
-32
Calculate -44 + 13 + 23 + -37 + 8.
-37
Evaluate (-17 - (-22 + -14)) + -8 + -10.
1
Calculate 20 + (-17 - -8 - (115 + -8 + -2)).
-94
What is -29 + 6 + -10 + 19 + (2 - -33)?
21
What is -22 + 4 + (21 - 5) + 4 + 2 + -1?
3
Calculate -22 + 36 + -35 + -29.
-50
What is -82 + 165 - (-3 - ((16 - 9) + -17))?
76
Evaluate -11 + (-16 - 15) - -80.
38
Calculate (-5 - 26) + (9 - (-1 + 9 - -5)).
-35
What is the value of (6 - 6 - (20 + 0 + -2)) + 140?
122
What is the value of -43 - ((-42 - -30 - 10) + 49)?
-70
Evaluate 8 + -5 - (-8 - (-1 + -2 - 12) - 75).
71
Evaluate 112 + (-131 - -153) + -57.
77
Calculate -12 - (-13 - (-47 + 112)).
66
(59 + -41 - 7) + (-8 - -3)
6
What is the value of -9 + 1 + 3 - ((-1 - 58) + (-53 - -53))?
54
Calculate -251 + 249 + (-12 - -5) + -4.
-13
What is the value of (-1 - -8 - (-2 + -12 + 16)) + -5 - 14?
-14
Calculate 53 + (4 - 14) + 6 + -4 + -7.
38
What is the value of (-3 - -9 - 2) + -24 + -17?
-37
What is (1 - (-1 + -1)) + (70 - (19 + 46)) - 13?
-5
What is the value of -5 + 16 - (-5 - -5 - (-5 - (1 + 44)))?
-39
What is 86 + -117 + (6 - (2 - (-4 + 9)))?
-22
-2 + (-6 + 0 - (850 + -860)) + 0 + 64
66
What is the value of (-69 - (-16 + -45)) + 26?
18
What is (5 - (42 - 9)) + (-12 + 2 - -14)?
-24
What is the value of 129 + (6 - -13) + (-11 - 1) - (3 - -5)?
128
Evaluate 7 + 0 + -63 + -55 + 133.
22
What is 1 + -9 - (-14 + 35 + -20) - (-7 + 0)?
-2
Evaluate -181 + 178 - (3 + 62 + -7).
-61
Evaluate 81 + -85 + -13 + 7 + 3 + -34 + -1.
-42
What is the value of -52 - (-10 + -30) - (-2 - (47 + 0))?
37
What is (-24 + 31 - (9 - 1 - 31)) + -14?
16
Evaluate (51 - (-4 + -13)) + 46 + (-28 - -5).
91
What is the value of (-2 - 0 - 36) + (763 - 751)?
-26
1 + 55 - (-10 - (-6 + -2) - (-7 - 0))
51
(-70 - 45 - -82) + (2 - -100)
69
Calculate -18 - ((4 + -38 - -103) + -34).
-53
Evaluate 114 + -22 + (-50 - -26).
68
What is 67 + 6 + -66 + (-3 + 1 - 39)?
-34
Evaluate -13 + -3 + 6 - (-184 + (155 - 39)).
58
Evaluate -131 - (-110 - -25 - -9).
-55
(-120 - -1) + -802 + 911
-10
(19 - 0) + (-38 - (-28 + -73)) + 4
86
Calculate (-14391 - -14325) + 1 + 24.
-41
-47 + -8 + 2 + (-13 - -39)
-27
Evaluate 35 + (0 - -30) + 137 + -192.
10
Calculate 38 + 56 + -3 + -52.
39
0 + -17 - (-29 + -8 + -10 + 44)
-14
What is (4 + -1 - (244 - 230)) + (4 - 77) + -8?
-92
Calculate -48 + 83 + -36 - (1 + -2 - 38).
38
What is the value of -58 + 2 - (-735 + 689)?
-10
What is the value of 6 + -23 + 62 + 54?
99
Calculate -1566 - -1580 - (-31 - -1).
44
What is the value of 92 + (-1 + 1 - (1 + -1)) - (24596 - 24591)?
87
Evaluate 4564 + -4511 + -70 + 2.
-15
Evaluate (-2 - (13 - 19 - -9 - 12)) + -3.
4
97 + (2 + -9 - (-44 + 37 + (1 - -12)))
84
What is 273 - (264 - 57) - (0 + 29)?
37
-17 + 31 - (18 - (-9 - 9))
-22
-403 - -512 - (-5 + 79)
35
Calculate 3 - (-4 + 0) - ((-880 - -863) + 1 + -14).
37
Evaluate 2 + -37 + (83 - 204) + 214.
58
What is the value of -50 + 91 - 30 - 42?
-31
Evaluate 11 + -13 + 12 + -7 + 2 - -26.
31
Calculate (91 - (-26 + 41 + -2)) + -24.
54
332 + -284 + 26 + 1 + 0
75
Calculate 4 + (-221 - -153 - ((0 - 4) + -2 - 4)).
-54
-20 + (-47 - -61) + -39
-45
5 + (9 - (-4 + 14)) + -28 + -7
-31
-1 + -20 + (40 - (6 + 51))
-38
What is -3 - (15 + (-4 - (-11 + 9)) + -1)?
-15
Calculate (12 - 10) + 9 + 0 + (-93 - -96) + 89.
103
Evaluate -118 + 38 + -16 - (14 - (1 - 6)).
-115
What is the value of (18 - (-33 - -22 - 17)) + 5?
51
What is -18 - (1034 + -1005 + -14 + -1)?
-32
What is 11 + 2 + 38 + (31 - 36)?
46
What is 0 - -14 - (-18 + 22 + 9 - -36)?
-35
What is the value of -55 - -18 - 6 - -39 - (3 - (-1 + 125))?
117
What is the value of 108 + (-107 - -9) + 49?
59
Calculate 7248 + -7214 + (1 - -42).
77
What is the value of -22 + -11 - -62 - 4?
25
What is the value of (50 - 38) + (0 - 5 - (-16 - 2))?
25
What is -12 - -24 - (5 + -1) - (18 + -14)?
4
Evaluate (-129 - (-158 + 100)) + (10 - (-1 + 1)) + -1.
-62
(0 - -3) + (15 - 108) + 30 + 12
-48
Calculate (975 - 1040) + -15 + 101.
21
Evaluate (21 - -17) + -73 - -40.
5
What is the value of 63 - (503 - 494 - (-10 - 1))?
43
What is the value of (5 - 29) + 14 + 88 + -7 + 17?
88
What is -20 + -4 + (-33 + 32 - 6)?
-31
Calculate -311 + 133 - -135 - 67.
-110
31 + -33 + (13 - -35) - (-6 - -5)
47
Calculate -43 + 10 + 0 + (0 - 29) + 27.
-35
-26 + (56 - (80 - 19)) + (-2 - -1) + 0
-32
Calculate -6 - (-11 + -4 + (16 - 44)).
37
What is 57 - (147 + -155) - 36?
29
(117 - 57) + -52 + -1 + 1
8
What is the value of 3 - (18 - 9) - (-2 + -6 + 49)?
-47
Evaluate 2 + -28 + (13 - (13 + 4 + -9)).
-21
Evaluate 1 + (4 - (9 + 60)) + -27.
-91
What is -7 + -9 + (119 - 104) - 4?
-5
12 - (((25 - 17) + 3 + -4 - 7) + -3)
15
5 + (-2 - (3 + -3)) - (12 + 78 - 40)
-47
Evaluate (29 - -72) + 5 + 1 + 2 + -2 + -2.
105
What is the value of 79 - -8 - 75 - (-17 - -2)?
27
Evaluate 8 - (26 + -36 - (-1 - -15)) - 16.
16
What is 62 - (-37 - -151) - -47?
-5
What is (-3 - -149) + (-6411 - -6265)?
0
Calculate 69 + 16 + (-25 + 26 - 6).
80
-4 + 7 + 16 + -12 + 2 + -2
7
Evaluate 19 - (-41 - -125 - 47).
-18
Evaluate 13 - (-14 + (-31 - -42) - 31).
47
46 + (-1 - -10 - (-21